multiple of 8?
True
Is 34874719 a multiple of 11?
True
Does 2281 divide 132813125?
False
Is 4708 a factor of 44169728?
False
Does 1488 divide 11157024?
True
Is 75 a factor of 23157375?
True
Is 4 a factor of 38191644?
True
Is 43 a factor of 85325803?
True
Is 71380608 a multiple of 1264?
True
Is 57184215 a multiple of 1457?
False
Is 1232268016 a multiple of 17?
False
Is 2430234 a multiple of 2?
True
Is 132448245 a multiple of 849?
True
Does 255 divide 26022050?
False
Is 39 a factor of 754648741?
False
Is 119 a factor of 8214809?
False
Is 647 a factor of 1053663439?
True
Is 11284067 a multiple of 110?
False
Is 5697 a factor of 750403143?
True
Is 46 a factor of 16769757?
False
Is 30088001 a multiple of 61?
False
Is 120 a factor of 27738600?
True
Is 1388 a factor of 75706193?
False
Is 141107160 a multiple of 55?
False
Is 126 a factor of 252708750?
True
Is 370127748 a multiple of 366?
True
Does 8 divide 1803168?
True
Does 1107 divide 135702702?
True
Is 22690014 a multiple of 71?
False
Does 918 divide 157623354?
True
Is 3940747 a multiple of 306?
False
Is 1770 a factor of 343997016?
False
Does 388 divide 95118354?
False
Is 4960030 a multiple of 3?
False
Is 156 a factor of 40267188?
True
Is 369 a factor of 801455966?
False
Is 7124364 a multiple of 8?
False
Is 42151692 a multiple of 132?
True
Does 55 divide 50388910?
True
Is 341 a factor of 61431832?
True
Does 29 divide 1690182437?
True
Is 269786530 a multiple of 35?
False
Is 355580162 a multiple of 14?
True
Is 322 a factor of 160539412?
False
Is 301963694 a multiple of 838?
False
Is 351006588 a multiple of 828?
True
Does 436 divide 97859764?
True
Is 29326173 a multiple of 3243?
False
Does 2069 divide 15842238?
False
Does 702 divide 241789829?
False
Is 696 a factor of 545103024?
True
Does 387 divide 98282894?
False
Is 7951 a factor of 1159518183?
True
Is 87443768 a multiple of 172?
True
Is 118 a factor of 3543632?
False
Is 1053 a factor of 1590504903?
True
Is 4058 a factor of 39877966?
True
Does 6 divide 6910386?
True
Does 917 divide 201100851?
True
Is 658736479 a multiple of 29?
True
Is 146 a factor of 85456732?
False
Is 25 a factor of 292745674?
False
Does 47 divide 544457870?
True
Is 860 a factor of 127998100?
True
Does 116 divide 26931720?
True
Is 118 a factor of 1231224454?
False
Is 112 a factor of 153684915?
False
Is 9182262 a multiple of 12?
False
Does 31 divide 12950374?
True
Is 809 a factor of 15856400?
True
Is 185 a factor of 71232068?
False
Is 1113 a factor of 59007921?
True
Does 9 divide 1265095?
False
Does 963 divide 529575849?
True
Does 8 divide 118075058?
False
Is 287 a factor of 27999579?
False
Is 149 a factor of 282849?
False
Is 86393760 a multiple of 304?
True
Is 18848760 a multiple of 798?
True
Does 265 divide 2349401490?
True
Is 2289462 a multiple of 38?
True
Is 740910290 a multiple of 70?
False
Is 34 a factor of 62565930?
False
Is 15 a factor of 592333033?
False
Does 53 divide 36331951?
False
Is 287208785 a multiple of 11?
False
Does 7 divide 10849455?
False
Is 148 a factor of 1320688142?
False
Does 68 divide 768026816?
True
Is 11877495 a multiple of 123?
True
Is 11442 a factor of 3486617682?
True
Is 196 a factor of 35597601?
False
Does 24 divide 42190443?
False
Is 4 a factor of 5253853?
False
Does 6 divide 5916622?
False
Is 20 a factor of 4739004820?
True
Does 254 divide 34492363?
False
Is 157791610 a multiple of 29?
True
Is 13282949 a multiple of 170?
False
Is 24 a factor of 13105200?
True
Does 35 divide 391202868?
False
Is 458842418 a multiple of 8?
False
Is 895355466 a multiple of 725?
False
Does 2377 divide 19103949?
True
Does 135 divide 247277550?
False
Is 480 a factor of 7238400?
True
Does 114 divide 13411986?
True
Is 61 a factor of 195130582?
True
Is 83060593 a multiple of 22?
False
Does 2 divide 22072503?
False
Does 1041 divide 215960288?
False
Is 445 a factor of 134136795?
True
Does 27 divide 368279484?
False
Is 2225 a factor of 163849000?
True
Does 14 divide 5106499?
False
Does 495 divide 23313015?
True
Does 1608 divide 1011586368?
True
Does 4754 divide 3568105192?
True
Does 109 divide 6066504?
True
Is 320 a factor of 139258557?
False
Is 27986070 a multiple of 109?
False
Is 2260 a factor of 107284460?
True
Is 40539216 a multiple of 4?
True
Is 56902769 a multiple of 60?
False
Is 521 a factor of 31012445?
False
Is 191470152 a multiple of 8?
True
Does 496 divide 184092384?
True
Is 39660620 a multiple of 431?
True
Does 10 divide 137442662?
False
Is 12764466 a multiple of 247?
True
Does 165 divide 32943556?
False
Is 25768029 a multiple of 21?
True
Is 1218 a factor of 861538947?
False
Is 764 a factor of 137608624?
True
Is 215595257 a multiple of 1569?
False
Is 251 a factor of 6455971?
True
Does 163 divide 18962761?
False
Is 2 a factor of 85878729?
False
Does 10 divide 22659120?
True
Does 103 divide 683434664?
True
Is 478 a factor of 698967596?
False
Does 17 divide 2094227416?
True
Is 370712788 a multiple of 96?
False
Is 513133149 a multiple of 625?
False
Is 62872500 a multiple of 83?
True
Is 143519860 a multiple of 649?
True
Does 212 divide 24920695?
False
Does 19 divide 307146343?
True
Does 47 divide 104021152?
True
Is 4291 a factor of 693760298?
True
Is 8590483 a multiple of 11?
True
Is 26133746 a multiple of 21?
False
Does 832 divide 170254878?
False
Is 7 a factor of 41790406?
True
Is 157367861 a multiple of 427?
True
Is 727866430 a multiple of 1522?
False
Does 302 divide 457005426?
True
Is 135568440 a multiple of 479?
False
Does 153 divide 182485854?
True
Is 118 a factor of 14269740?
True
Does 17 divide 681933801?
True
Is 67894799 a multiple of 863?
True
Is 170883780 a multiple of 5?
True
Does 81 divide 217860082?
False
Is 41 a factor of 185457268?
True
Does 81 divide 9946152?
True
Is 3142125686 a multiple of 4606?
True
Does 488 divide 23755776?
False
Is 662595972 a multiple of 796?
True
Is 11661 a factor of 3641520402?
True
Is 4364 a factor of 292847643?
False
Does 9 divide 78736212?
True
Is 544 a factor of 17281792?
True
Does 1785 divide 750913800?
True
Is 595726624 a multiple of 2804?
True
Is 226725801 even?
False
Is 44145246 a multiple of 3201?
False
Is 367 a factor of 1894454607?
False
Is 372036273 a multiple of 203?
True
Is 91 a factor of 8247116?
False
Does 9 divide 14965766?
False
Is 4949340 a multiple of 30?
True
Is 216 a factor of 29683723?
False
Is 687 a factor of 513002823?
True
Is 1239 a factor of 44956466?
False
Is 271243232 a multiple of 416?
True
Is 36 a factor of 14893509?
False
Is 2214366 a multiple of 22?
True
Does 42 divide 25460205?
False
Does 162 divide 1378887624?
True
Is 768967826 a multiple of 43?
False
Is 43 a factor of 19018169?
True
Is 2930 a factor of 181087231?
False
Is 2183 a factor of 1957282166?
True
Is 33424227 a multiple of 52?
False
Is 351189452 a multiple of 10?
False
Is 442 a factor of 19087042?
False
Does 38 divide 470005584?
True
Is 675854483 a multiple of 419?
False
Does 457 divide 199485070?
True
Is 31544320 a multiple of 3855?
False
Is 423 a factor of 15008886?
True
Is 39 a factor of 4859244?
True
Does 135 divide 1641195?
True
Is 42736472 a multiple of 76?
True
Is 19933539 a multiple of 381?
True
Does 1134 divide 75457244?
False
Is 250683023 a multiple of 219?
False
Is 42474376 a multiple of 196?
True
Is 10874409 a multiple of 256?
False
Is 12236736 a multiple of 652?
True
Is 49 a factor of 1036493?
False
Is 91951286 a multiple of 458?
True
Does 66 divide 410427204?
True
Is 7 a factor of 2378418?
True
Is 29314108 a multiple of 134?
True
Is 8 a factor of 10924393?
False
Is 16 a factor of 7447056?
True
Is 18474871 a multiple of 70?
False
Does 990 divide 93955950?
True
Is 1849574 a multiple of 38?
True
Does 319 divide 17800166?
False
Is 38 a factor of 27175029?
False
Does 148 divide 15480366?
False
Is 429 a factor of 22227348?
True
Does 285 divide 25452210?
True
Is 42 a factor of 5070305117?
False
Is 245 a factor of 989080435?
True
Does 14 divide 176380?
False
Is 2881225767 a multiple of 84?
False
Is 447187740 a multiple of 2980?
True
Is 1057237576 a multiple of 1114?
False
Does 72 divide 78754401?
False
Is 1629265743 a multiple of 387?
True
Does 16 divide 128769763?
False
Does 10 divide 7781130?
True
Is 12 a factor of 1538090?
False
Is 351 a factor of 3903841?
False
Is 35583251 a multiple of 11?
True
Does 77 divide 78068810?
Fa